 = 6*g. Let x be a(g). What is the greatest common factor of x and 110?
22
Suppose 0 = b + 5*x - 33, 5*b + 4*x - 53 = 91. Let m be (-5)/(-75)*-12 - (1 - 176/20). Calculate the highest common factor of m and b.
7
Suppose 0 = -5*z + z + 2008. Suppose 2*n - 96 - z = 0. Suppose 0 = -4*c + n + 53. What is the highest common divisor of 8 and c?
8
Let s = 96 - -226. Suppose 94 = 4*x + f - 135, x - f = 51. What is the greatest common factor of x and s?
14
Let v(j) = -j**2 - 24*j + 30. Let x be v(-25). Suppose -5*l - 4*m = -156, -4*l + 116 = -x*m + 6*m. What is the highest common divisor of 84 and l?
28
Let b be 14*((2 - 5) + 37 + -4). What is the greatest common divisor of 132 and b?
12
Suppose -3*m + 3*n = -99, 0 = 87*n - 82*n + 25. What is the highest common divisor of m and 16296?
28
Suppose -6 = 4*n - 26. Let r be 3009/15 + (-3)/n. Suppose -r = -5*j + 270. What is the highest common factor of 235 and j?
47
Let f = 14725 - 14659. Calculate the highest common factor of 2211 and f.
33
Suppose -386 = -4*d - 2*p, 2*p = -2*p + 4. Suppose 0 = -32*y + 30*y + 32. Calculate the greatest common divisor of y and d.
16
Suppose m + 4*n - 25 = 0, 2*m + 2263*n = 2267*n + 14. Calculate the highest common factor of 121 and m.
1
Let l(u) = -46*u - 1. Let y be l(-1). Suppose -n + 2*i = -5*n + 32, -4 = 2*i. Calculate the greatest common factor of n and y.
9
Let c(o) = -o + 2*o**3 - o**3 + 0 - 9*o**2 - 1 - 3. Let y be c(9). Let g = y + 36. Calculate the greatest common factor of 92 and g.
23
Suppose -4*r = -4*d - 272, 4*r - 3*d - 297 = -4*d. Suppose 0 = 6*g + 43 - r. What is the highest common divisor of g and 85?
5
Let u(t) = 769*t - 651. Let a be u(3). What is the highest common divisor of a and 72?
72
Suppose -4*z - 69 = -2*l + 67, 3*z - 231 = -3*l. Let c(t) = -3*t**2 + 3*t + 2. Let n be c(5). Let a = n + l. Calculate the greatest common divisor of 4 and a.
4
Let h be 12 - 1 - 10*2/10. Suppose -h*c + 1505 = -700. Calculate the greatest common divisor of 196 and c.
49
Suppose -4*m + 5*i = -141, -m + 49 = -6*i + 2*i. Let b = -25 + m. Suppose -5*y + 132 = 32. What is the highest common factor of y and b?
4
Let c be (-28 + -60)/(0 - 2). Let u = 86 + -9. What is the highest common divisor of u and c?
11
Let l(k) = 4*k**2 + k. Let c be l(-1). Suppose -30 = c*y + 138. Let q = -38 - y. Calculate the highest common divisor of 36 and q.
18
Suppose -5*z - 2*h = -1128 - 11, 0 = -2*z + 3*h + 467. Let f = -216 + z. Calculate the greatest common divisor of 104 and f.
13
Let l be (-2)/(-4) - 14/(-4). Let c be 0 + 2 - l/(-2). Let m = 8429 - 8427. Calculate the greatest common factor of m and c.
2
Let h(s) = -325*s - 1525. Let w be h(-5). What is the highest common divisor of 16 and w?
4
Let m(v) = 5*v**2 - 7*v + 2. Let z be m(-6). Let n(g) = 6*g + 176. Suppose 186 = 4*h + 294. Let i be n(h). What is the greatest common divisor of z and i?
14
Suppose 0 = -4*c, 4*c = -5*q - c + 20. Suppose 2*p = -q*i + 1516, i - 766 = -i + 3*p. Calculate the highest common factor of 20 and i.
20
Suppose 0 = 4*g + 4, 403 = 2*q - 116*g + 119*g. What is the highest common factor of q and 28?
7
Suppose -z + 4*p + 22 = 0, -p = 3*z - 54 - 77. Let j be 3 + (-4 - 0) + -8. Let f = j + z. Calculate the highest common divisor of f and 363.
33
Let n(p) = -p**2 + 64*p + 624. Let j be n(-8). Calculate the highest common divisor of j and 152.
8
Let b be (-6)/21*-266*11/22. What is the greatest common divisor of b and 8398?
38
Let o(l) = l**3 - 13*l**2 - 13*l + 1. Let h be o(14). Let j be (-330)/(-2) - (-1 - 7/(-7)). What is the greatest common divisor of j and h?
15
Let z(d) = 6*d + 26. Suppose 11*f = -4*o + 10*f + 5, 4*o + 25 = 5*f. Let j be z(o). Suppose -2*a + 32 = 6. Calculate the greatest common divisor of a and j.
13
Let y = 214 - 214. Suppose -w = 3*c + 2 - 54, -w + 3*c + 58 = y. What is the greatest common divisor of 5 and w?
5
Let f(l) = 7*l + 219. Let t be f(-31). Suppose 7*c - t*c = -d + 102, -3*d + 334 = c. Calculate the greatest common divisor of 14 and d.
14
Let c = 595 - 576. Let g be (-26)/(-65) + (-3)/(-5). What is the highest common divisor of g and c?
1
Let y be 48/(0 + 6/28). Let x(j) be the first derivative of -3*j**2/2 + 64*j - 28. Let p be x(12). Calculate the highest common divisor of y and p.
28
Let q(x) = x**2 - 2*x - 8. Let u(m) = -3*m**2 + 5*m + 16. Let g(j) = -5*q(j) - 2*u(j). Let h be g(2). What is the greatest common divisor of h and 92?
4
Suppose 0 = 3*h + v - 598, -163 - 27 = -h + 2*v. Calculate the greatest common divisor of 1485 and h.
99
Let t(m) = -m**3 - m**2 + 2*m + 252. Let u be t(0). What is the greatest common factor of u and 3402?
126
Let u(y) be the first derivative of -2*y**3/3 + 36*y**2 + 139*y + 73. Let p be u(35). What is the highest common divisor of 33 and p?
11
Let c = 10037 + -9641. Calculate the greatest common factor of 9702 and c.
198
Suppose 6*x - 144 = -0*x. Suppose -x = -4*q - 76. Let z = q - -29. What is the highest common factor of z and 24?
8
Suppose f - 2*l + 39 = 0, 5*l + 54 = -f - 6. Let v be (-12*1)/(27/f). Calculate the greatest common factor of 160 and v.
20
Let k(m) be the first derivative of 2*m**3 + 6*m + 2*m**2 + 1/4*m**4 + 9. Let l be k(-4). What is the greatest common divisor of l and 242?
22
Suppose -5*x - 272 = -2*b, 4*x = -4*b + 9*x + 524. Suppose 26*y = 8*y + b. Calculate the greatest common divisor of y and 77.
7
Let f(s) = -7*s. Let k be f(-1). Let t = 184 - 175. Let d(h) = -h**3 + 7*h**2 + 24*h + 9. Let i be d(t). What is the greatest common factor of k and i?
7
Suppose -478*l - 330 = -484*l. Suppose -l*f = -3055 + 415. Let i(w) = 2*w**2 + 9*w + 1. Let s be i(-7). What is the highest common factor of f and s?
12
Suppose -j = 4*m - 83, 128 = 4*m + 3*j + 39. Let a(d) = 2*d - 30. Let t be a(m). Let p = -2 - -12. Calculate the highest common divisor of p and t.
10
Let y = -1894 - -1968. What is the greatest common divisor of 185 and y?
37
Suppose z - 5788 = 69*j - 74*j, 0 = -4*j + 2*z + 4622. Calculate the highest common factor of 26 and j.
13
Let u = -44 + 39. Let n(k) = -2*k**3 - 10*k**2 - 8. Let b be n(u). Let l be (-6)/b + (-210)/(-8). What is the greatest common divisor of l and 54?
27
Let x(q) = 132*q - 1702. Let f be x(106). What is the highest common divisor of f and 20?
10
Let y(v) = -70*v + 47. Let t be y(-3). Let i = t + -191. Calculate the highest common divisor of 165 and i.
33
Suppose 3*x + 4*q - 9 = q, 3*q = 3*x - 3. Suppose b = 55 - x. What is the greatest common divisor of 212 and b?
53
Let k = -601 + 1144. Suppose -28*u + k + 1249 = 0. Calculate the greatest common factor of 2 and u.
2
Let r be 1*-11 + -5 + 376 + 0. Calculate the greatest common factor of r and 1880.
40
Let f(y) = 5*y + 40. Let x be f(-11). Let a = x + 26. What is the greatest common factor of 143 and a?
11
Let j = -35 + 67. Let v = -17 + j. Let z be 246/v - (-8)/(-20). Calculate the highest common divisor of z and 8.
8
Suppose -162 = -3270*d + 3252*d. Let b(t) be the first derivative of 3*t**2 + 9*t + 1. Let c be b(d). What is the greatest common divisor of c and 9?
9
Let r be 162/90 - 4/(-5)*-1. Let g be ((-4)/(-8) + r)*(-64)/(-12). What is the greatest common factor of g and 236?
4
Suppose -45*u + 11468 = -20122. What is the greatest common factor of 624 and u?
78
Let h(p) = -p**3 + 17*p**2 + 13*p - 14. Let z be h(17). Calculate the highest common factor of z and 45.
9
Let a(p) = 17*p - p - 63*p**2 - p**3 + p + 15 + 60*p**2. Let d be a(-6). Calculate the highest common divisor of 168 and d.
21
Suppose 5048 = 260*v - 258*v + 5*c, 4*v + 5*c - 10136 = 0. Calculate the highest common factor of v and 48.
48
Let p be (-38499)/(-11) + (-14)/2310*-15. What is the highest common factor of 56 and p?
28
Suppose -3*z = -i + 11, 0*z - 4*i = -z + 11. Let m(j) = -j**3 - 3*j**2 + 9*j - 3. Let n be m(z). Calculate the highest common divisor of n and 2.
2
Let f be 3144/18 + (-10)/15. What is the highest common factor of 222 and f?
6
Let u = -3625 + 7187. What is the greatest common factor of 234 and u?
26
Let c(q) = -q**3 - 7*q**2 + 1608*q + 2648. Let t be c(-43). Let o be (2 + 0)/(-2) - -222. What is the highest common factor of t and o?
17
Let z be 21 - (9108/4)/(-11). Calculate the greatest common divisor of z and 48.
12
Suppose 5*z - 5 = 0, -4*h = -3*h + 2*z - 9.